{"id":1802,"date":"2025-02-02T11:34:25","date_gmt":"2025-02-02T11:34:25","guid":{"rendered":"https:\/\/www.azizarkan.com\/?page_id=1802"},"modified":"2026-03-24T11:00:18","modified_gmt":"2026-03-24T11:00:18","slug":"mirastan-reddi-dilekcesi","status":"publish","type":"page","link":"https:\/\/www.azizarkan.com\/?page_id=1802","title":{"rendered":"Miras Reddi Dilek\u00e7esi"},"content":{"rendered":"<div data-colibri-id=\"1802-c1\" class=\"style-1481 style-local-1802-c1 position-relative\">\n  <!---->\n  <div data-colibri-component=\"section\" data-colibri-id=\"1802-c6\" id=\"custom\" class=\"h-section h-section-global-spacing d-flex align-items-lg-center align-items-md-center align-items-center style-1486 style-local-1802-c6 position-relative\">\n    <!---->\n    <!---->\n    <div class=\"h-section-grid-container h-section-boxed-container\">\n      <!---->\n      <div data-colibri-id=\"1802-c7\" class=\"h-row-container gutters-row-lg-2 gutters-row-md-2 gutters-row-0 gutters-row-v-lg-2 gutters-row-v-md-2 gutters-row-v-2 style-1487 style-local-1802-c7 position-relative\">\n        <!---->\n        <div class=\"h-row justify-content-lg-center justify-content-md-center justify-content-center align-items-lg-stretch align-items-md-stretch align-items-stretch gutters-col-lg-2 gutters-col-md-2 gutters-col-0 gutters-col-v-lg-2 gutters-col-v-md-2 gutters-col-v-2\">\n          <!---->\n          <div class=\"h-column h-column-container d-flex h-col-lg-auto h-col-md-auto h-col-auto style-1488-outer style-local-1802-c8-outer\">\n            <div data-colibri-id=\"1802-c8\" class=\"d-flex h-flex-basis h-column__inner h-px-lg-2 h-px-md-2 h-px-2 v-inner-lg-2 v-inner-md-2 v-inner-2 style-1488 style-local-1802-c8 position-relative\">\n              <!---->\n              <!---->\n              <div class=\"w-100 h-y-container h-column__content h-column__v-align flex-basis-100 align-self-lg-start align-self-md-start align-self-start\">\n                <!---->\n                <div data-colibri-id=\"1802-c9\" class=\"h-text h-text-component style-1489 style-local-1802-c9 position-relative h-element\">\n                  <!---->\n                  <!---->\n                  <div class=\"\">\n                    <p>\n                      <br>\n                    <\/p>\n                    <p>\u2026\u2026\u2026\u2026\u2026\u2026 SULH HUKUK MAHKEMES\u0130\u2019NE<\/p>\n                    <p>\n                      <br>\n                    <\/p>\n                    <p>\n                      <br>\n                    <\/p>\n                    <p>DAVACI:&#8230;&#8230;&#8230;&#8230;&#8230;&#8230;&#8230;&#8230;&#8230;&#8230;&#8230;&#8230;&#8230;&#8230;&#8230;&#8230;&#8230;&#8230;&#8230;&#8230;&#8230;&#8230;&#8230;.<\/p>\n                    <p>DAVALI:&#8230;&#8230;&#8230;&#8230;&#8230;&#8230;&#8230;&#8230;&#8230;&#8230;&#8230;&#8230;&#8230;&#8230;&#8230;&#8230;&#8230;&#8230;&#8230;&#8230;&#8230;&#8230;&#8230;.<\/p>\n                    <p>KONU : Miras\u0131n reddi istemimizin sunulmas\u0131ndan ibarettir.<\/p>\n                    <p>\n                      <br>\n                    <\/p>\n                    <p>\n                      <br>\n                    <\/p>\n                    <p>A\u00c7IKLAMALAR<\/p>\n                    <p>\n                      <br>\n                    <\/p>\n                    <p>&#8230;&#8230;&#8230;&#8230;&#8230;&#8230;..(yak\u0131nl\u0131k derecesi) &#8230;&#8230;&#8230;&#8230;&#8230;&#8230;&#8230;&#8230;&#8230;&#8230;&#8230;&#8230;&#8230;&#8230;&#8230;(\u00f6len ki\u015finin ismi), \u2026\/\u2026\/\u2026.. tarihinde vefat etmi\u015ftir. Geride b\u0131rakt\u0131\u011f\u0131 &#8230;&#8230;&#8230;..miras\u00e7\u0131s\u0131ndan biriyim.<\/p>\n                    <p>\n                      <br>\n                    <\/p>\n                    <p>&nbsp;&nbsp;&nbsp;&nbsp;&nbsp;&nbsp;&nbsp;&nbsp;&nbsp;&nbsp;&nbsp;Muris, sa\u011f iken pek \u00e7ok harcamalar yapm\u0131\u015f ve malvarl\u0131\u011f\u0131n\u0131 \u00e7ok a\u015facak d\u00fczeyde bor\u00e7 alt\u0131na girmi\u015ftir.<\/p>\n                    <p>\n                      <br>\n                    <\/p>\n                    <p>&nbsp;&nbsp;&nbsp;&nbsp;&nbsp;&nbsp;&nbsp;&nbsp;&nbsp;&nbsp;&nbsp;Bu nedenle de, miras\u0131n reddini talep etmek zorunlulu\u011fu do\u011fmu\u015ftur.<\/p>\n                    <p>\n                      <br>\n                    <\/p>\n                    <p>\n                      <br>\n                    <\/p>\n                    <p>HUKUK\u0130 NEDENLER: MK, HMK, ilgili mevzuat.<\/p>\n                    <p>\n                      <br>\n                    <\/p>\n                    <p>HUKUK\u0130 DEL\u0130LLER : N\u00fcfus kayd\u0131, tan\u0131k beyanlar\u0131.<\/p>\n                    <p>\n                      <br>\n                    <\/p>\n                    <p>NET\u0130CE ve TALEP: A\u00e7\u0131klanan nedenlerle murisin b\u0131rakt\u0131\u011f\u0131 miras\u0131 reddetti\u011fime ili\u015fkin talebimin kabul\u00fcne karar verilmesini sayg\u0131lar\u0131mla arz ve talep ederim.<\/p>\n                    <p>\n                      <br>\n                    <\/p>\n                    <p>\n                      <br>\n                    <\/p>\n                    <p>&#8230;..\/&#8230;&#8230;\/&#8230;&#8230;&#8230;.&nbsp;&nbsp;&nbsp;&nbsp;&nbsp;&nbsp;<\/p>\n                    <p>Davac\u0131&nbsp;&nbsp;&nbsp;&nbsp;&nbsp;&nbsp;&nbsp;&nbsp;&nbsp;&nbsp;&nbsp;<\/p>\n                    <p>Ad\u0131 Soyad\u0131 &nbsp;&nbsp;&nbsp;&nbsp;&nbsp;&nbsp;<\/p>\n                    <p>\u0130mza&nbsp;&nbsp;&nbsp;&nbsp;&nbsp;&nbsp;&nbsp;&nbsp;&nbsp;&nbsp;&nbsp;<\/p>\n                    <p>\n                      <br>\n                    <\/p>\n                    <p>\n                      <br>\n                    <\/p>\n                    <p> <\/p>\n                  <\/div>\n                <\/div>\n              <\/div>\n            <\/div>\n          <\/div>\n        <\/div>\n      <\/div>\n    <\/div>\n  <\/div>\n<\/div>","protected":false},"excerpt":{"rendered":"<p>\u2026\u2026\u2026\u2026\u2026\u2026 SULH HUKUK MAHKEMES\u0130\u2019NE DAVACI:&#8230;&#8230;&#8230;&#8230;&#8230;&#8230;&#8230;&#8230;&#8230;&#8230;&#8230;&#8230;&#8230;&#8230;&#8230;&#8230;&#8230;&#8230;&#8230;&#8230;&#8230;&#8230;&#8230;. DAVALI:&#8230;&#8230;&#8230;&#8230;&#8230;&#8230;&#8230;&#8230;&#8230;&#8230;&#8230;&#8230;&#8230;&#8230;&#8230;&#8230;&#8230;&#8230;&#8230;&#8230;&#8230;&#8230;&#8230;. KONU : Miras\u0131n reddi istemimizin sunulmas\u0131ndan ibarettir. A\u00c7IKLAMALAR &#8230;&#8230;&#8230;&#8230;&#8230;&#8230;..(yak\u0131nl\u0131k derecesi) &#8230;&#8230;&#8230;&#8230;&#8230;&#8230;&#8230;&#8230;&#8230;&#8230;&#8230;&#8230;&#8230;&#8230;&#8230;(\u00f6len ki\u015finin ismi), \u2026\/\u2026\/\u2026.. tarihinde vefat etmi\u015ftir. Geride b\u0131rakt\u0131\u011f\u0131 &#8230;&#8230;&#8230;..miras\u00e7\u0131s\u0131ndan biriyim. &nbsp;&nbsp;&nbsp;&nbsp;&nbsp;&nbsp;&nbsp;&nbsp;&nbsp;&nbsp;&nbsp;Muris, sa\u011f iken pek \u00e7ok harcamalar yapm\u0131\u015f ve malvarl\u0131\u011f\u0131n\u0131 \u00e7ok a\u015facak d\u00fczeyde bor\u00e7 alt\u0131na girmi\u015ftir. &nbsp;&nbsp;&nbsp;&nbsp;&nbsp;&nbsp;&nbsp;&nbsp;&nbsp;&nbsp;&nbsp;Bu nedenle de, miras\u0131n reddini talep etmek zorunlulu\u011fu do\u011fmu\u015ftur. HUKUK\u0130 NEDENLER: MK, HMK, [&hellip;]<\/p>\n","protected":false},"author":1,"featured_media":0,"parent":0,"menu_order":0,"comment_status":"closed","ping_status":"closed","template":"page-templates\/full-width-page.php","meta":{"om_disable_all_campaigns":false,"_monsterinsights_skip_tracking":false,"_monsterinsights_sitenote_active":false,"_monsterinsights_sitenote_note":"","_monsterinsights_sitenote_category":0,"_uf_show_specific_survey":0,"_uf_disable_surveys":false,"footnotes":""},"class_list":["post-1802","page","type-page","status-publish","hentry"],"aioseo_notices":[],"_links":{"self":[{"href":"https:\/\/www.azizarkan.com\/index.php?rest_route=\/wp\/v2\/pages\/1802","targetHints":{"allow":["GET"]}}],"collection":[{"href":"https:\/\/www.azizarkan.com\/index.php?rest_route=\/wp\/v2\/pages"}],"about":[{"href":"https:\/\/www.azizarkan.com\/index.php?rest_route=\/wp\/v2\/types\/page"}],"author":[{"embeddable":true,"href":"https:\/\/www.azizarkan.com\/index.php?rest_route=\/wp\/v2\/users\/1"}],"replies":[{"embeddable":true,"href":"https:\/\/www.azizarkan.com\/index.php?rest_route=%2Fwp%2Fv2%2Fcomments&post=1802"}],"version-history":[{"count":4,"href":"https:\/\/www.azizarkan.com\/index.php?rest_route=\/wp\/v2\/pages\/1802\/revisions"}],"predecessor-version":[{"id":3393,"href":"https:\/\/www.azizarkan.com\/index.php?rest_route=\/wp\/v2\/pages\/1802\/revisions\/3393"}],"wp:attachment":[{"href":"https:\/\/www.azizarkan.com\/index.php?rest_route=%2Fwp%2Fv2%2Fmedia&parent=1802"}],"curies":[{"name":"wp","href":"https:\/\/api.w.org\/{rel}","templated":true}]}}