{"id":1886,"date":"2025-02-02T12:26:06","date_gmt":"2025-02-02T12:26:06","guid":{"rendered":"https:\/\/www.azizarkan.com\/?page_id=1886"},"modified":"2026-03-24T10:53:09","modified_gmt":"2026-03-24T10:53:09","slug":"kira-artis-ihtarnamesi","status":"publish","type":"page","link":"https:\/\/www.azizarkan.com\/?page_id=1886","title":{"rendered":"Kira Art\u0131\u015f \u0130htarnamesi"},"content":{"rendered":"<div data-colibri-id=\"1886-c1\" class=\"style-1463 style-local-1886-c1 position-relative\">\n  <!---->\n  <div data-colibri-component=\"section\" data-colibri-id=\"1886-c6\" id=\"custom\" class=\"h-section h-section-global-spacing d-flex align-items-lg-center align-items-md-center align-items-center style-1468 style-local-1886-c6 position-relative\">\n    <!---->\n    <!---->\n    <div class=\"h-section-grid-container h-section-boxed-container\">\n      <!---->\n      <div data-colibri-id=\"1886-c7\" class=\"h-row-container gutters-row-lg-2 gutters-row-md-2 gutters-row-0 gutters-row-v-lg-2 gutters-row-v-md-2 gutters-row-v-2 style-1469 style-local-1886-c7 position-relative\">\n        <!---->\n        <div class=\"h-row justify-content-lg-center justify-content-md-center justify-content-center align-items-lg-stretch align-items-md-stretch align-items-stretch gutters-col-lg-2 gutters-col-md-2 gutters-col-0 gutters-col-v-lg-2 gutters-col-v-md-2 gutters-col-v-2\">\n          <!---->\n          <div class=\"h-column h-column-container d-flex h-col-lg-auto h-col-md-auto h-col-auto style-1470-outer style-local-1886-c8-outer\">\n            <div data-colibri-id=\"1886-c8\" class=\"d-flex h-flex-basis h-column__inner h-px-lg-2 h-px-md-2 h-px-2 v-inner-lg-2 v-inner-md-2 v-inner-2 style-1470 style-local-1886-c8 position-relative\">\n              <!---->\n              <!---->\n              <div class=\"w-100 h-y-container h-column__content h-column__v-align flex-basis-100 align-self-lg-start align-self-md-start align-self-start\">\n                <!---->\n                <div data-colibri-id=\"1886-c9\" class=\"h-text h-text-component style-1471 style-local-1886-c9 position-relative h-element\">\n                  <!---->\n                  <!---->\n                  <div class=\"\">\n                    <p><strong>Kira Art\u0131\u015f\u0131 \u0130htarnamesi<\/strong><\/p>\n                    <p>\n                      <br>\n                    <\/p>\n                    <p>\n                      <br>\n                    <\/p>\n                    <p>\u0130HTAR EDEN : &#8230;&#8230;&#8230;&#8230;&#8230;&#8230;&#8230;&#8230;&#8230;&#8230;&#8230;&#8230;&#8230;&#8230;&#8230;&#8230;&#8230;&#8230;<\/p>\n                    <p>VEK\u0130L\u0130 : &#8230;&#8230;&#8230;&#8230;&#8230;&#8230;&#8230;&#8230;&#8230;&#8230;&#8230;&#8230;&#8230;&#8230;&#8230;&#8230;&#8230;&#8230;&#8230;&#8230;&#8230;.<\/p>\n                    <p>MUHATAP : &#8230;&#8230;&#8230;&#8230;&#8230;&#8230;&#8230;&#8230;&#8230;&#8230;&#8230;&#8230;&#8230;&#8230;&#8230;&#8230;&#8230;&#8230;&#8230;.<\/p>\n                    <p>\n                      <br>\n                    <\/p>\n                    <p>\n                      <br>\n                    <\/p>\n                    <p>KONU : Yeni kira d\u00f6nemi ba\u015flang\u0131c\u0131ndan itibaren ayl\u0131k kira bedelinin net &#8230;&#8230;&#8230;&#8230;&#8230;&#8230;&#8230;&#8230;&#8230;&#8230;-TL olarak \u00f6denmesi ihtar\u0131d\u0131r.<\/p>\n                    <p>\n                      <br>\n                    <\/p>\n                    <p>\n                      <br>\n                    <\/p>\n                    <p>A\u00c7IKLAMALAR :<\/p>\n                    <p>\n                      <br>\n                    <\/p>\n                    <p>1- M\u00fclkiyeti m\u00fcvekkilime ait olan &#8230;&#8230;&#8230;&#8230;&#8230;&#8230;&#8230;. Mah. &#8230;&#8230;&#8230;&#8230;&#8230; Sok. &#8230;&#8230;&#8230;&#8230;&#8230;&#8230;&#8230;&#8230;&#8230;.Apt. &#8230;&#8230;.. Kap\u0131 No\u2019lu, &#8230;&#8230;&#8230;&#8230;&#8230; No\u2019lu dairesinde &#8230;..\/&#8230;..\/&#8230;&#8230;&#8230;. ba\u015flang\u0131\u00e7 tarihli kira s\u00f6zle\u015fmesi ile\n                      ayl\u0131k &#8230;&#8230;&#8230;&#8230;&#8230;&#8230;&#8230;&#8230;&#8230;&#8230;&#8230;.-TL bedelle kirac\u0131 olarak oturmaktas\u0131n\u0131z.<\/p>\n                    <p>\n                      <br>\n                    <\/p>\n                    <p>2- Yeni kira d\u00f6nemi ba\u015flang\u0131c\u0131 olan &#8230;..\/&#8230;..\/&#8230;&#8230;&#8230;. tarihinden itibaren ekonomik \u015fartlar g\u00f6z \u00f6n\u00fcnde bulundurularak ayl\u0131k kiran\u0131n &#8230;&#8230;&#8230;&#8230;&#8230;&#8230;&#8230;&#8230;&#8230;&#8230;&#8230;.-TL olarak \u00f6denmesini talep etme gere\u011fi do\u011fmu\u015ftur.<\/p>\n                    <p>\n                      <br>\n                    <\/p>\n                    <p>TALEP SONUCU : Yeni kira d\u00f6nemi ba\u015flang\u0131c\u0131 olan &#8230;.\/&#8230;..\/&#8230;&#8230;&#8230;. tarihinden itibaren ayl\u0131k kira paras\u0131n\u0131n &#8230;&#8230;&#8230;&#8230;&#8230;&#8230;&#8230;&#8230;&#8230;&#8230;&#8230;.-TL den net &#8230;&#8230;&#8230;&#8230;&#8230;&#8230;&#8230;&#8230;&#8230;&#8230;&#8230;.-TL ye \u00e7\u0131kart\u0131larak \u00f6denmesini, aksi takdirde\n                      aleyhinize kira tespit davas\u0131 a\u00e7aca\u011f\u0131m\u0131z\u0131, yarg\u0131lama giderleri ile vekalet \u00fccretini \u00f6demek zorunda kalaca\u011f\u0131n\u0131z\u0131 ihtar ederim.<\/p>\n                    <p>\n                      <br>\n                    <\/p>\n                    <p>\u0130HTAR EDEN VEK\u0130L\u0130<\/p>\n                    <p>\n                      <br>\n                    <\/p>\n                    <p>SAYIN NOTER, \u00dc\u00e7 n\u00fcshadan ibaret i\u015f bu ihtarnamenin bir n\u00fcshas\u0131n\u0131n muhataba tebli\u011fini, tebli\u011f \u015ferhini ta\u015f\u0131yan bir n\u00fcshas\u0131n\u0131n taraf\u0131ma verilmesini di\u011fer n\u00fcshas\u0131n\u0131n taraf\u0131n\u0131zca saklanmas\u0131n\u0131 talep ederim.<\/p>\n                    <p>\n                      <br>\n                    <\/p>\n                    <p>\n                      <br>\n                    <\/p>\n                  <\/div>\n                <\/div>\n              <\/div>\n            <\/div>\n          <\/div>\n        <\/div>\n      <\/div>\n    <\/div>\n  <\/div>\n<\/div>","protected":false},"excerpt":{"rendered":"<p>Kira Art\u0131\u015f\u0131 \u0130htarnamesi \u0130HTAR EDEN : &#8230;&#8230;&#8230;&#8230;&#8230;&#8230;&#8230;&#8230;&#8230;&#8230;&#8230;&#8230;&#8230;&#8230;&#8230;&#8230;&#8230;&#8230; VEK\u0130L\u0130 : &#8230;&#8230;&#8230;&#8230;&#8230;&#8230;&#8230;&#8230;&#8230;&#8230;&#8230;&#8230;&#8230;&#8230;&#8230;&#8230;&#8230;&#8230;&#8230;&#8230;&#8230;. MUHATAP : &#8230;&#8230;&#8230;&#8230;&#8230;&#8230;&#8230;&#8230;&#8230;&#8230;&#8230;&#8230;&#8230;&#8230;&#8230;&#8230;&#8230;&#8230;&#8230;. KONU : Yeni kira d\u00f6nemi ba\u015flang\u0131c\u0131ndan itibaren ayl\u0131k kira bedelinin net &#8230;&#8230;&#8230;&#8230;&#8230;&#8230;&#8230;&#8230;&#8230;&#8230;-TL olarak \u00f6denmesi ihtar\u0131d\u0131r. A\u00c7IKLAMALAR : 1- M\u00fclkiyeti m\u00fcvekkilime ait olan &#8230;&#8230;&#8230;&#8230;&#8230;&#8230;&#8230;. Mah. &#8230;&#8230;&#8230;&#8230;&#8230; Sok. &#8230;&#8230;&#8230;&#8230;&#8230;&#8230;&#8230;&#8230;&#8230;.Apt. &#8230;&#8230;.. Kap\u0131 No\u2019lu, &#8230;&#8230;&#8230;&#8230;&#8230; No\u2019lu dairesinde &#8230;..\/&#8230;..\/&#8230;&#8230;&#8230;. ba\u015flang\u0131\u00e7 tarihli kira s\u00f6zle\u015fmesi ile ayl\u0131k &#8230;&#8230;&#8230;&#8230;&#8230;&#8230;&#8230;&#8230;&#8230;&#8230;&#8230;.-TL bedelle [&hellip;]<\/p>\n","protected":false},"author":1,"featured_media":0,"parent":0,"menu_order":0,"comment_status":"closed","ping_status":"closed","template":"page-templates\/full-width-page.php","meta":{"om_disable_all_campaigns":false,"_monsterinsights_skip_tracking":false,"_monsterinsights_sitenote_active":false,"_monsterinsights_sitenote_note":"","_monsterinsights_sitenote_category":0,"_uf_show_specific_survey":0,"_uf_disable_surveys":false,"footnotes":""},"class_list":["post-1886","page","type-page","status-publish","hentry"],"aioseo_notices":[],"_links":{"self":[{"href":"https:\/\/www.azizarkan.com\/index.php?rest_route=\/wp\/v2\/pages\/1886","targetHints":{"allow":["GET"]}}],"collection":[{"href":"https:\/\/www.azizarkan.com\/index.php?rest_route=\/wp\/v2\/pages"}],"about":[{"href":"https:\/\/www.azizarkan.com\/index.php?rest_route=\/wp\/v2\/types\/page"}],"author":[{"embeddable":true,"href":"https:\/\/www.azizarkan.com\/index.php?rest_route=\/wp\/v2\/users\/1"}],"replies":[{"embeddable":true,"href":"https:\/\/www.azizarkan.com\/index.php?rest_route=%2Fwp%2Fv2%2Fcomments&post=1886"}],"version-history":[{"count":2,"href":"https:\/\/www.azizarkan.com\/index.php?rest_route=\/wp\/v2\/pages\/1886\/revisions"}],"predecessor-version":[{"id":3379,"href":"https:\/\/www.azizarkan.com\/index.php?rest_route=\/wp\/v2\/pages\/1886\/revisions\/3379"}],"wp:attachment":[{"href":"https:\/\/www.azizarkan.com\/index.php?rest_route=%2Fwp%2Fv2%2Fmedia&parent=1886"}],"curies":[{"name":"wp","href":"https:\/\/api.w.org\/{rel}","templated":true}]}}