{"id":2451,"date":"2025-02-13T23:44:50","date_gmt":"2025-02-13T23:44:50","guid":{"rendered":"https:\/\/www.azizarkan.com\/?page_id=2451"},"modified":"2026-03-25T11:22:03","modified_gmt":"2026-03-25T11:22:03","slug":"guven-acik","status":"publish","type":"page","link":"https:\/\/www.azizarkan.com\/?page_id=2451","title":{"rendered":"G\u00fcven A\u00e7\u0131k Kitap Yazar\u0131"},"content":{"rendered":"<div data-colibri-id=\"2451-c1\" class=\"style-1007 style-local-2451-c1 position-relative\">\n  <!---->\n  <div data-colibri-component=\"section\" data-colibri-id=\"2451-c2\" id=\"custom\" class=\"h-section h-section-global-spacing d-flex align-items-lg-center align-items-md-center align-items-center style-1008 style-local-2451-c2 position-relative\">\n    <!---->\n    <!---->\n    <div class=\"h-section-grid-container h-section-boxed-container\">\n      <!---->\n      <div data-colibri-id=\"2451-c3\" class=\"h-row-container gutters-row-lg-2 gutters-row-md-2 gutters-row-0 gutters-row-v-lg-2 gutters-row-v-md-2 gutters-row-v-2 style-1009 style-local-2451-c3 position-relative\">\n        <!---->\n        <div class=\"h-row justify-content-lg-center justify-content-md-center justify-content-center align-items-lg-stretch align-items-md-stretch align-items-stretch gutters-col-lg-2 gutters-col-md-2 gutters-col-0 gutters-col-v-lg-2 gutters-col-v-md-2 gutters-col-v-2\">\n          <!---->\n          <div class=\"h-column h-column-container d-flex h-col-lg-auto h-col-md-auto h-col-auto style-1010-outer style-local-2451-c4-outer\">\n            <div data-colibri-id=\"2451-c4\" class=\"d-flex h-flex-basis h-column__inner h-px-lg-2 h-px-md-2 h-px-2 v-inner-lg-2 v-inner-md-2 v-inner-2 style-1010 style-local-2451-c4 position-relative\">\n              <!---->\n              <!---->\n              <div class=\"w-100 h-y-container h-column__content h-column__v-align flex-basis-100 align-self-lg-start align-self-md-start align-self-start\">\n                <!---->\n                <div data-colibri-id=\"2451-c7\" class=\"d-block style-1013 style-local-2451-c7 position-relative h-element\">\n                  <!---->\n                  <div class=\"h-image__frame-container-outer\">\n                    <div class=\"h-image__frame-container\">\n                      <!---->\n                      <!---->\n                      <img fetchpriority=\"high\" decoding=\"async\" width=\"450\" height=\"603\" src=\"https:\/\/www.azizarkan.com\/wp-content\/uploads\/2025\/02\/cropped-WhatsApp-Image-2025-02-12-at-21.55.13-1-1.jpeg\" class=\"wp-image-2474 style-1013-image style-local-2451-c7-image\" alt=\"\" srcset=\"https:\/\/www.azizarkan.com\/wp-content\/uploads\/2025\/02\/cropped-WhatsApp-Image-2025-02-12-at-21.55.13-1-1.jpeg 450w, https:\/\/www.azizarkan.com\/wp-content\/uploads\/2025\/02\/cropped-WhatsApp-Image-2025-02-12-at-21.55.13-1-1-224x300.jpeg 224w\" sizes=\"(max-width: 450px) 100vw, 450px\" \/>\n                      <div class=\"h-image__frame h-hide-lg h-hide-md h-hide-sm style-1013-frameImage style-local-2451-c7-frameImage\"><\/div>\n                    <\/div>\n                  <\/div>\n                <\/div>\n              <\/div>\n            <\/div>\n          <\/div>\n          <div class=\"h-column h-column-container d-flex h-col-lg-auto h-col-md-auto h-col-auto style-1011-outer style-local-2451-c5-outer\">\n            <div data-colibri-id=\"2451-c5\" class=\"d-flex h-flex-basis h-column__inner h-px-lg-2 h-px-md-2 h-px-2 v-inner-lg-2 v-inner-md-2 v-inner-2 style-1011 style-local-2451-c5 position-relative\">\n              <!---->\n              <!---->\n              <div class=\"w-100 h-y-container h-column__content h-column__v-align flex-basis-100 align-self-lg-start align-self-md-start align-self-start\">\n                <!---->\n                <div data-colibri-id=\"2451-c8\" class=\"d-block style-1014 style-local-2451-c8 position-relative h-element\">\n                  <!---->\n                  <div class=\"h-image__frame-container-outer\">\n                    <div class=\"h-image__frame-container\">\n                      <!---->\n                      <!---->\n                      <img decoding=\"async\" width=\"400\" height=\"523\" src=\"https:\/\/www.azizarkan.com\/wp-content\/uploads\/2025\/02\/cropped-WhatsApp-Image-2025-02-12-at-21.55.13-2-1.jpeg\" class=\"wp-image-2475 style-1014-image style-local-2451-c8-image\" alt=\"\" srcset=\"https:\/\/www.azizarkan.com\/wp-content\/uploads\/2025\/02\/cropped-WhatsApp-Image-2025-02-12-at-21.55.13-2-1.jpeg 400w, https:\/\/www.azizarkan.com\/wp-content\/uploads\/2025\/02\/cropped-WhatsApp-Image-2025-02-12-at-21.55.13-2-1-229x300.jpeg 229w\" sizes=\"(max-width: 400px) 100vw, 400px\" \/>\n                      <div class=\"h-image__frame h-hide-lg h-hide-md h-hide-sm style-1014-frameImage style-local-2451-c8-frameImage\"><\/div>\n                    <\/div>\n                  <\/div>\n                <\/div>\n              <\/div>\n            <\/div>\n          <\/div>\n          <div class=\"h-column h-column-container d-flex h-col-lg-auto h-col-md-auto h-col-auto style-1012-outer style-local-2451-c6-outer\">\n            <div data-colibri-id=\"2451-c6\" class=\"d-flex h-flex-basis h-column__inner h-px-lg-2 h-px-md-2 h-px-2 v-inner-lg-2 v-inner-md-2 v-inner-2 style-1012 style-local-2451-c6 position-relative\">\n              <!---->\n              <!---->\n              <div class=\"w-100 h-y-container h-column__content h-column__v-align flex-basis-100 align-self-lg-start align-self-md-start align-self-start\">\n                <!---->\n                <div data-colibri-id=\"2451-c9\" class=\"d-block style-1015 style-local-2451-c9 position-relative h-element\">\n                  <!---->\n                  <div class=\"h-image__frame-container-outer\">\n                    <div class=\"h-image__frame-container\">\n                      <!---->\n                      <!---->\n                      <img decoding=\"async\" width=\"449\" height=\"580\" src=\"https:\/\/www.azizarkan.com\/wp-content\/uploads\/2025\/02\/cropped-WhatsApp-Image-2025-02-12-at-21.55.12-1-1-1.jpeg\" class=\"wp-image-2476 style-1015-image style-local-2451-c9-image\" alt=\"\" srcset=\"https:\/\/www.azizarkan.com\/wp-content\/uploads\/2025\/02\/cropped-WhatsApp-Image-2025-02-12-at-21.55.12-1-1-1.jpeg 449w, https:\/\/www.azizarkan.com\/wp-content\/uploads\/2025\/02\/cropped-WhatsApp-Image-2025-02-12-at-21.55.12-1-1-1-232x300.jpeg 232w\" sizes=\"(max-width: 449px) 100vw, 449px\" \/>\n                      <div class=\"h-image__frame h-hide-lg h-hide-md h-hide-sm style-1015-frameImage style-local-2451-c9-frameImage\"><\/div>\n                    <\/div>\n                  <\/div>\n                <\/div>\n              <\/div>\n            <\/div>\n          <\/div>\n        <\/div>\n      <\/div>\n      <div data-colibri-id=\"2451-c10\" class=\"h-row-container gutters-row-lg-2 gutters-row-md-2 gutters-row-0 gutters-row-v-lg-2 gutters-row-v-md-2 gutters-row-v-2 style-1016 style-local-2451-c10 position-relative\">\n        <!---->\n        <div class=\"h-row justify-content-lg-center justify-content-md-center justify-content-center align-items-lg-stretch align-items-md-stretch align-items-stretch gutters-col-lg-2 gutters-col-md-2 gutters-col-0 gutters-col-v-lg-2 gutters-col-v-md-2 gutters-col-v-2\">\n          <!---->\n          <div class=\"h-column h-column-container d-flex h-col-lg-auto h-col-md-auto h-col-auto style-1017-outer style-local-2451-c11-outer\">\n            <div data-colibri-id=\"2451-c11\" class=\"d-flex h-flex-basis h-column__inner h-px-lg-2 h-px-md-2 h-px-2 v-inner-lg-2 v-inner-md-2 v-inner-2 style-1017 style-local-2451-c11 position-relative\">\n              <!---->\n              <!---->\n              <div class=\"w-100 h-y-container h-column__content h-column__v-align flex-basis-100 align-self-lg-start align-self-md-start align-self-start\">\n                <!---->\n                <div data-colibri-id=\"2451-c12\" class=\"h-x-container style-1018 style-local-2451-c12 position-relative h-element\">\n                  <!---->\n                  <div class=\"h-x-container-inner style-dynamic-2451-c12-group style-1018-spacing style-local-2451-c12-spacing\"><span class=\"h-link__outer style-1019-outer style-local-2451-c13-outer d-inline-flex h-element\"><a h-use-smooth-scroll=\"true\" href=\"https:\/\/www.gayrimenkulegitimleri.com\/hakkimda\/\" target=\"_blank\" rel=\"nofollow\"  data-colibri-id=\"2451-c13\" class=\"d-flex w-100 align-items-center h-link style-1019 style-local-2451-c13 position-relative\"><!----><!----> <span>Kitaplar\u0131&nbsp;Temin&nbsp;Edebilece\u011finiz&nbsp;Siteler<\/span><\/a>\n                    <\/span>\n                  <\/div>\n                <\/div>\n              <\/div>\n            <\/div>\n          <\/div>\n        <\/div>\n      <\/div>\n    <\/div>\n  <\/div>\n<\/div>","protected":false},"excerpt":{"rendered":"<p>Kitaplar\u0131&nbsp;Temin&nbsp;Edebilece\u011finiz&nbsp;Siteler<\/p>\n","protected":false},"author":1,"featured_media":0,"parent":0,"menu_order":0,"comment_status":"closed","ping_status":"closed","template":"page-templates\/full-width-page.php","meta":{"om_disable_all_campaigns":false,"_monsterinsights_skip_tracking":false,"_monsterinsights_sitenote_active":false,"_monsterinsights_sitenote_note":"","_monsterinsights_sitenote_category":0,"_uf_show_specific_survey":0,"_uf_disable_surveys":false,"footnotes":""},"class_list":["post-2451","page","type-page","status-publish","hentry"],"aioseo_notices":[],"_links":{"self":[{"href":"https:\/\/www.azizarkan.com\/index.php?rest_route=\/wp\/v2\/pages\/2451","targetHints":{"allow":["GET"]}}],"collection":[{"href":"https:\/\/www.azizarkan.com\/index.php?rest_route=\/wp\/v2\/pages"}],"about":[{"href":"https:\/\/www.azizarkan.com\/index.php?rest_route=\/wp\/v2\/types\/page"}],"author":[{"embeddable":true,"href":"https:\/\/www.azizarkan.com\/index.php?rest_route=\/wp\/v2\/users\/1"}],"replies":[{"embeddable":true,"href":"https:\/\/www.azizarkan.com\/index.php?rest_route=%2Fwp%2Fv2%2Fcomments&post=2451"}],"version-history":[{"count":3,"href":"https:\/\/www.azizarkan.com\/index.php?rest_route=\/wp\/v2\/pages\/2451\/revisions"}],"predecessor-version":[{"id":3655,"href":"https:\/\/www.azizarkan.com\/index.php?rest_route=\/wp\/v2\/pages\/2451\/revisions\/3655"}],"wp:attachment":[{"href":"https:\/\/www.azizarkan.com\/index.php?rest_route=%2Fwp%2Fv2%2Fmedia&parent=2451"}],"curies":[{"name":"wp","href":"https:\/\/api.w.org\/{rel}","templated":true}]}}